 when 1367810 is divided by 33361?
9
What is the remainder when 4260449 is divided by 16513?
95
What is the remainder when 13587587 is divided by 252?
251
What is the remainder when 63199 is divided by 4284?
3223
Calculate the remainder when 413927 is divided by 137592.
1151
Calculate the remainder when 1186602 is divided by 131843.
15
What is the remainder when 2136773 is divided by 89032?
5
What is the remainder when 95576 is divided by 31839?
59
Calculate the remainder when 570727 is divided by 285243.
241
Calculate the remainder when 3258943 is divided by 6890.
6863
Calculate the remainder when 1225514 is divided by 244941.
809
Calculate the remainder when 82213 is divided by 16245.
988
What is the remainder when 9540 is divided by 2247?
552
What is the remainder when 51485116 is divided by 7355016?
4
What is the remainder when 6410761 is divided by 7696?
7689
What is the remainder when 162625 is divided by 54192?
49
What is the remainder when 171825 is divided by 212?
105
What is the remainder when 29850070 is divided by 29849954?
116
Calculate the remainder when 51455841 is divided by 594.
591
What is the remainder when 973271 is divided by 4177?
30
Calculate the remainder when 2517520529 is divided by 2401.
2400
What is the remainder when 9091516 is divided by 61?
15
Calculate the remainder when 1895144 is divided by 39.
17
What is the remainder when 31825853 is divided by 143?
59
Calculate the remainder when 11538535 is divided by 20.
15
Calculate the remainder when 41372 is divided by 182.
58
What is the remainder when 134856272 is divided by 25?
22
What is the remainder when 348887 is divided by 2037?
560
What is the remainder when 92570374 is divided by 1252?
1250
What is the remainder when 73244470 is divided by 7324445?
20
What is the remainder when 39162 is divided by 2952?
786
What is the remainder when 129566 is divided by 1860?
1226
Calculate the remainder when 149279580 is divided by 34.
30
Calculate the remainder when 2195303 is divided by 7.
5
Calculate the remainder when 3548791 is divided by 9514.
69
What is the remainder when 63766 is divided by 26?
14
Calculate the remainder when 27615374 is divided by 384.
14
Calculate the remainder when 1689251 is divided by 140767.
47
What is the remainder when 2288334 is divided by 6652?
46
Calculate the remainder when 5753 is divided by 935.
143
Calculate the remainder when 986168 is divided by 493019.
130
Calculate the remainder when 1632444 is divided by 178.
6
Calculate the remainder when 7772204 is divided by 706561.
33
Calculate the remainder when 574549 is divided by 1006.
123
Calculate the remainder when 397398 is divided by 7094.
134
Calculate the remainder when 523846915 is divided by 4535.
4530
Calculate the remainder when 57624 is divided by 1486.
1156
What is the remainder when 371207 is divided by 22741?
7351
Calculate the remainder when 16513531 is divided by 1654.
1649
Calculate the remainder when 4111449 is divided by 822165.
624
What is the remainder when 3510858 is divided by 11821?
21
Calculate the remainder when 28986 is divided by 28433.
553
What is the remainder when 68192 is divided by 947?
8
What is the remainder when 2969723 is divided by 989897?
32
Calculate the remainder when 52095242 is divided by 3115.
3097
Calculate the remainder when 16647916 is divided by 72.
4
Calculate the remainder when 459202 is divided by 25511.
4
Calculate the remainder when 25383616 is divided by 3978.
3976
Calculate the remainder when 4376635 is divided by 729428.
67
What is the remainder when 108485 is divided by 4710?
155
Calculate the remainder when 25717255 is divided by 203.
200
Calculate the remainder when 2521062 is divided by 252103.
32
Calculate the remainder when 133478 is divided by 5232.
2678
What is the remainder when 255887 is divided by 93?
44
What is the remainder when 106916 is divided by 10684?
76
Calculate the remainder when 306556 is divided by 38314.
44
Calculate the remainder when 80013 is divided by 2641.
783
What is the remainder when 1932846 is divided by 122?
0
What is the remainder when 112549 is divided by 3410?
19
Calculate the remainder when 1910403 is divided by 3334.
21
Calculate the remainder when 1172789 is divided by 529.
525
What is the remainder when 796460 is divided by 40?
20
What is the remainder when 228324 is divided by 2209?
797
Calculate the remainder when 19452828 is divided by 179.
3
Calculate the remainder when 45905546 is divided by 4575.
4571
Calculate the remainder when 360190 is divided by 18.
10
Calculate the remainder when 665544 is divided by 1614.
576
What is the remainder when 1149092 is divided by 52230?
32
Calculate the remainder when 2552193 is divided by 2493.
1854
What is the remainder when 745638 is divided by 528?
102
What is the remainder when 8307199 is divided by 4440?
4399
What is the remainder when 154928807 is divided by 531?
530
Calculate the remainder when 47775391 is divided by 23.
21
Calculate the remainder when 2119582 is divided by 10190.
62
What is the remainder when 39066 is divided by 5836?
4050
Calculate the remainder when 1977411 is divided by 61794.
3
Calculate the remainder when 2876465 is divided by 24.
17
What is the remainder when 2212966 is divided by 23?
21
Calculate the remainder when 171292 is divided by 9828.
4216
What is the remainder when 97810 is divided by 1033?
708
What is the remainder when 625122 is divided by 492?
282
Calculate the remainder when 912343 is divided by 302.
1
Calculate the remainder when 2270826 is divided by 445.
436
Calculate the remainder when 153063986 is divided by 434.
432
What is the remainder when 19258 is divided by 587?
474
Calculate the remainder when 82761 is divided by 685.
561
What is the remainder when 591719 is divided by 234?
167
Calculate the remainder when 192814357 is divided by 22.
21
Calculate the remainder when 860770 is divided by 172136.
90
Calculate the remainder when 4899423 is divided by 645.
3
Calculate the remainder when 162012 is divided by 2088.
1236
Calculate the remainder when 154999 is divided by 77305.
389
What is the remainder when 1560894 is divided by 1385?
1384
Calculate the remainder when 144456 is divided by 28873.
91
What is the remainder when 1528484 is divided by 1460?
1324
Calculate the remainder when 133112348 is divided by 18.
8
Calculate the remainder when 164488 is divided by 286.
38
Calculate the remainder when 62026 is divided by 1194.
1132
What is the remainder when 249465505 is divided by 111?
109
What is the remainder when 79502 is divided by 3977?
3939
What is the remainder when 6178 is divided by 6055?
123
Calculate the remainder when 86508208 is divided by 5778.
5770
What is the remainder when 304944 is divided by 721?
682
What is the remainder when 940691 is divided by 155?
151
Calculate the remainder when 186196 is divided by 1249.
95
Calculate the remainder when 3561102 is divided by 3561069.
33
Calculate the remainder when 127342 is divided by 984.
406
What is the remainder when 7564035 is divided by 213?
192
What is the remainder when 273172975 is divided by 56?
47
Calculate the remainder when 1116494 is divided by 40.
14
Calculate the remainder when 147747 is divided by 1894.
15
Calculate the remainder when 4053203 is divided by 4053199.
4
Calculate the remainder when 38294254 is divided by 286.
284
What is the remainder when 2821867 is divided by 10980?
7
Calculate the remainder when 668499 is divided by 3714.
3693
Calculate the remainder when 4731522 is divided by 107.
89
Calculate the remainder when 231279 is divided by 115593.
93
What is the remainder when 137710 is divided by 45859?
133
What is the remainder when 14053190 is divided by 1277559?
41
What is the remainder when 86545461 is divided by 2524?
25
Calculate the remainder when 24788922 is divided by 591.
18
What is the remainder when 3894 is divided by 480?
54
Calculate the remainder when 11769475 is divided by 58.
57
Calculate the remainder when 83814 is divided by 363.
324
Calculate the remainder when 236044 is divided by 21439.
215
What is the remainder when 2118264 is divided by 2695?
2689
What is the remainder when 10810 is divided by 3541?
187
What is the remainder when 426049 is divided by 83?
10
What is the remainder when 19624